{"id":28,"date":"2021-07-15T15:49:14","date_gmt":"2021-07-15T13:49:14","guid":{"rendered":"https:\/\/ile-elagage.fr\/?page_id=28"},"modified":"2021-11-04T09:14:25","modified_gmt":"2021-11-04T08:14:25","slug":"taille-de-haies","status":"publish","type":"page","link":"https:\/\/ile-elagage.fr\/taille-de-haies\/","title":{"rendered":"Taille de haies"},"content":{"rendered":"<p>[et_pb_section fb_built=\u00a0\u00bb1&Prime; _builder_version=\u00a0\u00bb4.8.1&Prime; _module_preset=\u00a0\u00bbdefault\u00a0\u00bb global_colors_info=\u00a0\u00bb{}\u00a0\u00bb][et_pb_row _builder_version=\u00a0\u00bb4.8.1&Prime; _module_preset=\u00a0\u00bbdefault\u00a0\u00bb global_colors_info=\u00a0\u00bb{}\u00a0\u00bb][et_pb_column type=\u00a0\u00bb4_4&Prime; _builder_version=\u00a0\u00bb4.8.1&Prime; _module_preset=\u00a0\u00bbdefault\u00a0\u00bb global_colors_info=\u00a0\u00bb{}\u00a0\u00bb][et_pb_text _builder_version=\u00a0\u00bb4.9.11&Prime; _module_preset=\u00a0\u00bbdefault\u00a0\u00bb global_colors_info=\u00a0\u00bb{}\u00a0\u00bb]<\/p>\n<h1 class=\"titre_article\">Taille de haies et \u00e9lagage \u00e0 Noirmoutier<\/h1>\n<p>[\/et_pb_text][et_pb_blurb image=\u00a0\u00bbhttps:\/\/ile-elagage.fr\/storage\/2021\/10\/ile-elagage-noirmoutier-taille.jpg\u00a0\u00bb content_max_width=\u00a0\u00bb1100px\u00a0\u00bb admin_label=\u00a0\u00bbR\u00e9sum\u00e9 et image\u00a0\u00bb _builder_version=\u00a0\u00bb4.9.11&Prime; _module_preset=\u00a0\u00bbdefault\u00a0\u00bb global_colors_info=\u00a0\u00bb{}\u00a0\u00bb]<\/p>\n<p class=\"p1\"><span class=\"s1\">Afin que vous puissiez profiter au maximum de vos ext\u00e9rieurs, la soci\u00e9t\u00e9 \u00eele Elagage vous propose le service de taille de vos haies. C\u2019est l\u2019assurance d\u2019avoir un jardin propre et parfaitement entretenu.<\/span><span class=\"s1\"><\/span><\/p>\n<p class=\"p1\"><span class=\"s1\">Que vous soyez install\u00e9 sur l\u2019\u00eele de Noirmoutier ou sur le continent proche (Beauvoir, Challans, Saint urbain, saint Gervais), \u00eele \u00e9lagage intervient sur demande et sans engagement sur tous types de haies, de toutes hauteurs, fleuries ou non.<\/span><\/p>\n<p class=\"p3\"><span class=\"s1\">Une fois la taille de vos haies effectu\u00e9e, le branchage est broy\u00e9. Si vous le souhaitez, vous pouvez conserver se broyage et l\u2019utiliser en compost ou en paillage.<\/span><span class=\"s1\"><\/span><span class=\"s1\"><\/span><\/p>\n<p class=\"p3\"><span class=\"s1\">Contactez-nous pour tous vos projets de tailles que ce soit pour la taille annuelle, de rajeunissement ou de rabattage par notre formulaire ou<br \/>par t\u00e9l\u00e9phone au <b>02 51 35 97 04. <\/b>Nos devis sont gratuits.<\/span><\/p>\n<p>[\/et_pb_blurb][et_pb_gallery gallery_ids=\u00a0\u00bb144,145,146,147,148,149,150,151,152,153,154,155,156,157,158,159,160,161,162,163,172,173,174,175,176,177,178,179,180,181,182,183,184,185,186,187,188,189,190,191&Prime; posts_number=\u00a0\u00bb16&Prime; show_title_and_caption=\u00a0\u00bboff\u00a0\u00bb _builder_version=\u00a0\u00bb4.9.11&Prime; _module_preset=\u00a0\u00bbdefault\u00a0\u00bb global_colors_info=\u00a0\u00bb{}\u00a0\u00bb][\/et_pb_gallery][\/et_pb_column][\/et_pb_row][\/et_pb_section]<\/p>\n","protected":false},"excerpt":{"rendered":"<p>Taille de haies et \u00e9lagage \u00e0 NoirmoutierAfin que vous puissiez profiter au maximum de vos ext\u00e9rieurs, la soci\u00e9t\u00e9 \u00eele Elagage vous propose le service de taille de vos haies. C\u2019est l\u2019assurance d\u2019avoir un jardin propre et parfaitement entretenu. Que vous soyez install\u00e9 sur l\u2019\u00eele de Noirmoutier ou sur le continent proche (Beauvoir, Challans, Saint urbain, [&hellip;]<\/p>\n","protected":false},"author":1,"featured_media":0,"parent":0,"menu_order":0,"comment_status":"closed","ping_status":"closed","template":"","meta":{"_et_pb_use_builder":"on","_et_pb_old_content":"","_et_gb_content_width":"","footnotes":""},"class_list":["post-28","page","type-page","status-publish","hentry"],"yoast_head":"<!-- This site is optimized with the Yoast SEO plugin v26.9 - https:\/\/yoast.com\/product\/yoast-seo-wordpress\/ -->\n<title>Taille de haies - Ile \u00c9lagage<\/title>\n<meta name=\"robots\" content=\"index, follow, max-snippet:-1, max-image-preview:large, max-video-preview:-1\" \/>\n<link rel=\"canonical\" href=\"https:\/\/ile-elagage.fr\/taille-de-haies\/\" \/>\n<meta property=\"og:locale\" content=\"fr_FR\" \/>\n<meta property=\"og:type\" content=\"article\" \/>\n<meta property=\"og:title\" content=\"Taille de haies - Ile \u00c9lagage\" \/>\n<meta property=\"og:description\" content=\"Taille de haies et \u00e9lagage \u00e0 NoirmoutierAfin que vous puissiez profiter au maximum de vos ext\u00e9rieurs, la soci\u00e9t\u00e9 \u00eele Elagage vous propose le service de taille de vos haies. C\u2019est l\u2019assurance d\u2019avoir un jardin propre et parfaitement entretenu. Que vous soyez install\u00e9 sur l\u2019\u00eele de Noirmoutier ou sur le continent proche (Beauvoir, Challans, Saint urbain, [&hellip;]\" \/>\n<meta property=\"og:url\" content=\"https:\/\/ile-elagage.fr\/taille-de-haies\/\" \/>\n<meta property=\"og:site_name\" content=\"Ile \u00c9lagage\" \/>\n<meta property=\"article:modified_time\" content=\"2021-11-04T08:14:25+00:00\" \/>\n<meta name=\"twitter:card\" content=\"summary_large_image\" \/>\n<meta name=\"twitter:label1\" content=\"Dur\u00e9e de lecture estim\u00e9e\" \/>\n\t<meta name=\"twitter:data1\" content=\"1 minute\" \/>\n<script type=\"application\/ld+json\" class=\"yoast-schema-graph\">{\"@context\":\"https:\/\/schema.org\",\"@graph\":[{\"@type\":\"WebPage\",\"@id\":\"https:\/\/ile-elagage.fr\/taille-de-haies\/\",\"url\":\"https:\/\/ile-elagage.fr\/taille-de-haies\/\",\"name\":\"Taille de haies - Ile \u00c9lagage\",\"isPartOf\":{\"@id\":\"https:\/\/ile-elagage.fr\/#website\"},\"datePublished\":\"2021-07-15T13:49:14+00:00\",\"dateModified\":\"2021-11-04T08:14:25+00:00\",\"breadcrumb\":{\"@id\":\"https:\/\/ile-elagage.fr\/taille-de-haies\/#breadcrumb\"},\"inLanguage\":\"fr-FR\",\"potentialAction\":[{\"@type\":\"ReadAction\",\"target\":[\"https:\/\/ile-elagage.fr\/taille-de-haies\/\"]}]},{\"@type\":\"BreadcrumbList\",\"@id\":\"https:\/\/ile-elagage.fr\/taille-de-haies\/#breadcrumb\",\"itemListElement\":[{\"@type\":\"ListItem\",\"position\":1,\"name\":\"Accueil\",\"item\":\"https:\/\/ile-elagage.fr\/\"},{\"@type\":\"ListItem\",\"position\":2,\"name\":\"Taille de haies\"}]},{\"@type\":\"WebSite\",\"@id\":\"https:\/\/ile-elagage.fr\/#website\",\"url\":\"https:\/\/ile-elagage.fr\/\",\"name\":\"Ile \u00c9lagage\",\"description\":\"Ile \u00c9lagage\",\"potentialAction\":[{\"@type\":\"SearchAction\",\"target\":{\"@type\":\"EntryPoint\",\"urlTemplate\":\"https:\/\/ile-elagage.fr\/?s={search_term_string}\"},\"query-input\":{\"@type\":\"PropertyValueSpecification\",\"valueRequired\":true,\"valueName\":\"search_term_string\"}}],\"inLanguage\":\"fr-FR\"}]}<\/script>\n<!-- \/ Yoast SEO plugin. -->","yoast_head_json":{"title":"Taille de haies - Ile \u00c9lagage","robots":{"index":"index","follow":"follow","max-snippet":"max-snippet:-1","max-image-preview":"max-image-preview:large","max-video-preview":"max-video-preview:-1"},"canonical":"https:\/\/ile-elagage.fr\/taille-de-haies\/","og_locale":"fr_FR","og_type":"article","og_title":"Taille de haies - Ile \u00c9lagage","og_description":"Taille de haies et \u00e9lagage \u00e0 NoirmoutierAfin que vous puissiez profiter au maximum de vos ext\u00e9rieurs, la soci\u00e9t\u00e9 \u00eele Elagage vous propose le service de taille de vos haies. C\u2019est l\u2019assurance d\u2019avoir un jardin propre et parfaitement entretenu. Que vous soyez install\u00e9 sur l\u2019\u00eele de Noirmoutier ou sur le continent proche (Beauvoir, Challans, Saint urbain, [&hellip;]","og_url":"https:\/\/ile-elagage.fr\/taille-de-haies\/","og_site_name":"Ile \u00c9lagage","article_modified_time":"2021-11-04T08:14:25+00:00","twitter_card":"summary_large_image","twitter_misc":{"Dur\u00e9e de lecture estim\u00e9e":"1 minute"},"schema":{"@context":"https:\/\/schema.org","@graph":[{"@type":"WebPage","@id":"https:\/\/ile-elagage.fr\/taille-de-haies\/","url":"https:\/\/ile-elagage.fr\/taille-de-haies\/","name":"Taille de haies - Ile \u00c9lagage","isPartOf":{"@id":"https:\/\/ile-elagage.fr\/#website"},"datePublished":"2021-07-15T13:49:14+00:00","dateModified":"2021-11-04T08:14:25+00:00","breadcrumb":{"@id":"https:\/\/ile-elagage.fr\/taille-de-haies\/#breadcrumb"},"inLanguage":"fr-FR","potentialAction":[{"@type":"ReadAction","target":["https:\/\/ile-elagage.fr\/taille-de-haies\/"]}]},{"@type":"BreadcrumbList","@id":"https:\/\/ile-elagage.fr\/taille-de-haies\/#breadcrumb","itemListElement":[{"@type":"ListItem","position":1,"name":"Accueil","item":"https:\/\/ile-elagage.fr\/"},{"@type":"ListItem","position":2,"name":"Taille de haies"}]},{"@type":"WebSite","@id":"https:\/\/ile-elagage.fr\/#website","url":"https:\/\/ile-elagage.fr\/","name":"Ile \u00c9lagage","description":"Ile \u00c9lagage","potentialAction":[{"@type":"SearchAction","target":{"@type":"EntryPoint","urlTemplate":"https:\/\/ile-elagage.fr\/?s={search_term_string}"},"query-input":{"@type":"PropertyValueSpecification","valueRequired":true,"valueName":"search_term_string"}}],"inLanguage":"fr-FR"}]}},"_links":{"self":[{"href":"https:\/\/ile-elagage.fr\/api\/wp\/v2\/pages\/28","targetHints":{"allow":["GET"]}}],"collection":[{"href":"https:\/\/ile-elagage.fr\/api\/wp\/v2\/pages"}],"about":[{"href":"https:\/\/ile-elagage.fr\/api\/wp\/v2\/types\/page"}],"author":[{"embeddable":true,"href":"https:\/\/ile-elagage.fr\/api\/wp\/v2\/users\/1"}],"replies":[{"embeddable":true,"href":"https:\/\/ile-elagage.fr\/api\/wp\/v2\/comments?post=28"}],"version-history":[{"count":14,"href":"https:\/\/ile-elagage.fr\/api\/wp\/v2\/pages\/28\/revisions"}],"predecessor-version":[{"id":196,"href":"https:\/\/ile-elagage.fr\/api\/wp\/v2\/pages\/28\/revisions\/196"}],"wp:attachment":[{"href":"https:\/\/ile-elagage.fr\/api\/wp\/v2\/media?parent=28"}],"curies":[{"name":"wp","href":"https:\/\/api.w.org\/{rel}","templated":true}]}}

<p>[et_pb_section fb_built= »1&Prime; _builder_version= »4.8.1&Prime; _module_preset= »default » global_colors_info= »{} »][et_pb_row _builder_version= »4.8.1&Prime; _module_preset= »default » global_colors_info= »{} »][et_pb_column type= »4_4&Prime; _builder_version= »4.8.1&Prime; _module_preset= »default » global_colors_info= »{} »][et_pb_text _builder_version= »4.9.11&Prime; _module_preset= »default » global_colors_info= »{} »]</p>
<h1 class="titre_article">Taille de haies et élagage à Noirmoutier</h1>
<p>[/et_pb_text][et_pb_blurb image= »https://ile-elagage.fr/storage/2021/10/ile-elagage-noirmoutier-taille.jpg » content_max_width= »1100px » admin_label= »Résumé et image » _builder_version= »4.9.11&Prime; _module_preset= »default » global_colors_info= »{} »]</p>
<p class="p1"><span class="s1">Afin que vous puissiez profiter au maximum de vos extérieurs, la société île Elagage vous propose le service de taille de vos haies. C’est l’assurance d’avoir un jardin propre et parfaitement entretenu.</span><span class="s1"></span></p>
<p class="p1"><span class="s1">Que vous soyez installé sur l’île de Noirmoutier ou sur le continent proche (Beauvoir, Challans, Saint urbain, saint Gervais), île élagage intervient sur demande et sans engagement sur tous types de haies, de toutes hauteurs, fleuries ou non.</span></p>
<p class="p3"><span class="s1">Une fois la taille de vos haies effectuée, le branchage est broyé. Si vous le souhaitez, vous pouvez conserver se broyage et l’utiliser en compost ou en paillage.</span><span class="s1"></span><span class="s1"></span></p>
<p class="p3"><span class="s1">Contactez-nous pour tous vos projets de tailles que ce soit pour la taille annuelle, de rajeunissement ou de rabattage par notre formulaire ou<br />par téléphone au <b>02 51 35 97 04. </b>Nos devis sont gratuits.</span></p>
<p>[/et_pb_blurb][et_pb_gallery gallery_ids= »144,145,146,147,148,149,150,151,152,153,154,155,156,157,158,159,160,161,162,163,172,173,174,175,176,177,178,179,180,181,182,183,184,185,186,187,188,189,190,191&Prime; posts_number= »16&Prime; show_title_and_caption= »off » _builder_version= »4.9.11&Prime; _module_preset= »default » global_colors_info= »{} »][/et_pb_gallery][/et_pb_column][/et_pb_row][/et_pb_section]</p>

<p>Taille de haies et élagage à NoirmoutierAfin que vous puissiez profiter au maximum de vos extérieurs, la société île Elagage vous propose le service de taille de vos haies. C’est l’assurance d’avoir un jardin propre et parfaitement entretenu. Que vous soyez installé sur l’île de Noirmoutier ou sur le continent proche (Beauvoir, Challans, Saint urbain, [&hellip;]</p>

<!-- This site is optimized with the Yoast SEO plugin v26.9 - https://yoast.com/product/yoast-seo-wordpress/ -->
<title>Taille de haies - Ile Élagage</title>
<meta name="robots" content="index, follow, max-snippet:-1, max-image-preview:large, max-video-preview:-1" />
<link rel="canonical" href="https://ile-elagage.fr/taille-de-haies/" />
<meta property="og:locale" content="fr_FR" />
<meta property="og:type" content="article" />
<meta property="og:title" content="Taille de haies - Ile Élagage" />
<meta property="og:description" content="Taille de haies et élagage à NoirmoutierAfin que vous puissiez profiter au maximum de vos extérieurs, la société île Elagage vous propose le service de taille de vos haies. C’est l’assurance d’avoir un jardin propre et parfaitement entretenu. Que vous soyez installé sur l’île de Noirmoutier ou sur le continent proche (Beauvoir, Challans, Saint urbain, [&hellip;]" />
<meta property="og:url" content="https://ile-elagage.fr/taille-de-haies/" />
<meta property="og:site_name" content="Ile Élagage" />
<meta property="article:modified_time" content="2021-11-04T08:14:25+00:00" />
<meta name="twitter:card" content="summary_large_image" />
<meta name="twitter:label1" content="Durée de lecture estimée" />
	<meta name="twitter:data1" content="1 minute" />
<script type="application/ld+json" class="yoast-schema-graph">{"@context":"https://schema.org","@graph":[{"@type":"WebPage","@id":"https://ile-elagage.fr/taille-de-haies/","url":"https://ile-elagage.fr/taille-de-haies/","name":"Taille de haies - Ile Élagage","isPartOf":{"@id":"https://ile-elagage.fr/#website"},"datePublished":"2021-07-15T13:49:14+00:00","dateModified":"2021-11-04T08:14:25+00:00","breadcrumb":{"@id":"https://ile-elagage.fr/taille-de-haies/#breadcrumb"},"inLanguage":"fr-FR","potentialAction":[{"@type":"ReadAction","target":["https://ile-elagage.fr/taille-de-haies/"]}]},{"@type":"BreadcrumbList","@id":"https://ile-elagage.fr/taille-de-haies/#breadcrumb","itemListElement":[{"@type":"ListItem","position":1,"name":"Accueil","item":"https://ile-elagage.fr/"},{"@type":"ListItem","position":2,"name":"Taille de haies"}]},{"@type":"WebSite","@id":"https://ile-elagage.fr/#website","url":"https://ile-elagage.fr/","name":"Ile Élagage","description":"Ile Élagage","potentialAction":[{"@type":"SearchAction","target":{"@type":"EntryPoint","urlTemplate":"https://ile-elagage.fr/?s={search_term_string}"},"query-input":{"@type":"PropertyValueSpecification","valueRequired":true,"valueName":"search_term_string"}}],"inLanguage":"fr-FR"}]}</script>
<!-- / Yoast SEO plugin. -->

Taille de haies - Ile Élagage

Taille de haies et élagage à NoirmoutierAfin que vous puissiez profiter au maximum de vos extérieurs, la société île Elagage vous propose le service de taille de vos haies. C’est l’assurance d’avoir un jardin propre et parfaitement entretenu. Que vous soyez installé sur l’île de Noirmoutier ou sur le continent proche (Beauvoir, Challans, Saint urbain, [&hellip;]

Ile Élagage
